3
Let c = 395 + -235. List the prime factors of c.
2, 5
Suppose 4*z - 132 = 132. What are the prime factors of z?
2, 3, 11
Let z be 4*(1645/(-10))/(-7). Suppose 4*g = z + 50. List the prime factors of g.
2, 3
What are the prime factors of 0 + -5 + 2415/7?
2, 5, 17
Let c(d) = d**2 + 15*d - 3. Let s be c(-17). Suppose 0 = a - s. Let r = a + 10. List the prime factors of r.
41
What are the prime factors of 2055 - (-44)/(3 + -14)?
7, 293
Let i(u) = 10*u - 22. What are the prime factors of i(5)?
2, 7
Let o(v) = -73*v + 181*v**3 - 25*v**3 + 72*v. What are the prime factors of o(1)?
5, 31
Suppose 62 = 7*h + 48. Let n(o) = 23*o**2 - 5*o + 6. Let r be n(4). Suppose 0 = 5*u - 3*s + 5*s - r, u + h*s - 66 = 0. What are the prime factors of u?
2, 3
Let s(x) = -x**3 - 12*x**2 - 12*x - 9. Let i be s(-11). Suppose 0 = -q + i + 2. Suppose -q*a - 44 = -2*g, -g + 5*a = 3*g - 100. What are the prime factors of g?
2, 3, 5
Suppose 12*z - 24677 - 14683 = 0. What are the prime factors of z?
2, 5, 41
Let i(u) = -u**3 - 4*u**2 - 15*u - 150. What are the prime factors of i(-12)?
2, 3, 197
Let x(w) = -5*w + 19. Let d be x(-7). Let j = 136 - d. List the prime factors of j.
2, 41
Let b be 3 - (65 - (-1 - -1)). Let s = b - -32. Let o = s - -55. What are the prime factors of o?
5
Suppose -100*v = -2565 + 65. List the prime factors of v.
5
Suppose -22*w + 14140 = 4*m - 19*w, -5*m - w + 17686 = 0. List the prime factors of m.
2, 29, 61
List the prime factors of (-3*(-279)/(-54))/((-1)/4).
2, 31
Let m(i) = -15*i + 93. Let q be m(18). What are the prime factors of q/(-2)*5/(-15)*-4?
2, 59
Let k(z) = -4*z**2 - 12*z + 15. Let a(u) = -5 + 9 + 2 - 3*u**2 + 8 - 12*u. Let p(i) = 3*a(i) - 2*k(i). What are the prime factors of p(-8)?
2, 11
Let s = -5 + -45. What are the prime factors of 672/10 + 10/s?
67
Suppose 15 = 3*s - 0*s. Suppose 6*r - 20 = s*r. Suppose r + 10 = 3*j. List the prime factors of j.
2, 5
Let q(p) = 9*p**2 - 3*p + 5. Let b be q(3). Let x = 88 - b. List the prime factors of x.
11
Suppose -3*k + 3360 = 4*p - 5*p, -4*k - 2*p + 4480 = 0. What are the prime factors of k?
2, 5, 7
What are the prime factors of (3 + 17/(-2))*-6?
3, 11
Let n be (-1)/((-63)/(-147) - 8/(-14)). What are the prime factors of n/8 + (-18)/(-16) + 292?
293
Suppose -f = -i - 0*i + 16, 40 = -4*f - 4*i. Let y = f - -18. Suppose y*d - 20 = -0*d, -5*a + 47 = 3*d. What are the prime factors of a?
7
Let o(u) = u**2 - 4*u + 6. Let l be o(4). Let r(s) = s**3 + s**2 - 2*s - 3. Let p be r(-2). Let n = p + l. What are the prime factors of n?
3
Suppose -5*u = 4*j - 58, -2*u + 2*j - j = -18. Let n = u + 3. Suppose o = 6 + n. What are the prime factors of o?
19
Suppose 0 = -3*n + 6*n, 3*n = 3*a. Let m(q) = q**2 + q + 63. What are the prime factors of m(a)?
3, 7
Let r(m) = -11*m**3 + m**2 - m - 2. Let u be r(-1). Let i be (-6)/(-2) + -3 + -2. What are the prime factors of (i - u)/((-3)/6)?
2, 13
Suppose 4*l + 5 = -3*j, 0 = 4*l + j + 8 - 1. Let s = 3 + l. What are the prime factors of (s*2)/((-8)/(-52))?
13
Let m(g) = -5*g + 7*g**2 + 0*g**2 + 2*g**2 - 22 - 2*g**2. List the prime factors of m(6).
2, 5
Let q = -47 + 47. Suppose q = -3*m + 505 - 91. List the prime factors of m.
2, 3, 23
Let x = 54 - 55. Let a(r) = -33*r**3 + r**2. List the prime factors of a(x).
2, 17
Suppose -2*p - 4*b - 4 = -7*b, -6 = -3*b. List the prime factors of (p/3)/((-22)/(-1386)).
3, 7
Let d = 1152 - -526. List the prime factors of d.
2, 839
Let c(z) = z**3 - 2*z**2 + 3*z - 3. Let j be c(3). Suppose 0 = -6*r + 15 + j. Suppose 210 = -r*n + 8*n. List the prime factors of n.
2, 5, 7
Suppose -56 = -3*r + 334. What are the prime factors of r?
2, 5, 13
Suppose -2*y + l = -186, -4*y - 3*l = -5*y + 83. Let p = 126 - y. List the prime factors of p.
31
Suppose -3*t - 209 = -4*v, 4*v - 83 = -2*t + 111. What are the prime factors of 1 + 0 + -3 + v?
2, 3
Let h(n) = 24*n**2 + 59*n - 1. List the prime factors of h(-7).
2, 3, 127
List the prime factors of (4488/60)/(2/20).
2, 11, 17
Suppose 4*k + 8 = 2*z + 2*k, 0 = -3*z - 4*k - 2. Suppose 2*g - 170 = -5*i + 101, z*i + 278 = 2*g. Suppose -2*h = -g + 28. What are the prime factors of h?
5, 11
List the prime factors of (226/4)/(5/(-2) + 3).
113
Let s(g) = -g**2 + 11*g - 7. Let v be s(10). Suppose 0 = v*b - 3*o - 19 - 56, 4*b - 2*o - 108 = 0. What are the prime factors of b?
29
Let m(i) = 61*i**2 - i + 1. List the prime factors of m(2).
3
Let x(m) = m**2 - 11*m + 14. Let w be x(10). Suppose -4*j - 1580 = -5*b, -2*b + 632 = -0*b - w*j. List the prime factors of 1/(-3 - b/(-104)).
2, 13
Let u(z) = 5*z**2 + z. Let s be u(-1). Suppose s*o + 6*o = 1120. List the prime factors of o.
2, 7
List the prime factors of ((880 - -2)/(-9))/((-2)/29).
7, 29
Let v(m) = -62*m + 423. What are the prime factors of v(-38)?
7, 397
Let g(k) = k**2 - k - 1. Suppose 6*r = 4*r - 4. Let l be g(r). Suppose 15 = 5*u, l*z + 2*u = -2*u + 192. What are the prime factors of z?
2, 3
Let p = 948 + -2. What are the prime factors of p?
2, 11, 43
Suppose -219 = -9*k + 141. List the prime factors of ((-60)/k)/((-6)/100).
5
Suppose 0 = 3*d - 47 + 8. List the prime factors of d.
13
Let u(f) = f + 4. Let g(t) = t**3 + 6*t**2 + 2*t + 9. Let v be g(-6). Let i be u(v). Suppose i - 53 = -2*j. List the prime factors of j.
2, 13
Let m(v) = -62*v - 7. Let i = 15 - 18. List the prime factors of m(i).
179
Let j(q) = -6*q + 2. Let d(i) = 6*i**2 + i - 1. Let x be d(1). Suppose 4*c + x = -6. List the prime factors of j(c).
2, 5
Let l(x) = -105*x + 61. What are the prime factors of l(-15)?
2, 409
Let f(k) = 5*k**2 - 6*k - 8. Let a be f(-5). Suppose -93 - a = -3*p. List the prime factors of p.
2, 5
Let m(d) = d**3 + 2*d**2 - 9*d - 1. Let p be ((56/12)/(-7))/((-1)/6). What are the prime factors of m(p)?
59
Suppose 3*k + 2*p = 1254, 2*k + 423 = 3*k - p. What are the prime factors of k?
2, 3, 5, 7
Suppose 39067 - 6077 = 10*x. List the prime factors of x.
3299
Let z be (-3)/6 + 49/(-2). Let a = z + 29. Suppose 3*j - 192 = -a*l, 0*l + 3 = -l. What are the prime factors of j?
2, 17
Let f(h) = -h**3 + 2*h**2 + 2*h + 3. Let t be f(3). Suppose -w - 4*d = -3, -2*w - 4*d + t*d + 10 = 0. List the prime factors of w.
7
Let n = 204 + -209. Let x = 12 + 10. Let d = x + n. What are the prime factors of d?
17
Let z = 266 + -227. What are the prime factors of z?
3, 13
Let z = 51 - -1638. List the prime factors of z.
3, 563
Let g be -2 - (-65)/(-20)*(-6 - -2). Suppose -26 = -g*h + 10*h. What are the prime factors of h?
2, 13
Suppose s - 3944 = -2*p, 4*p - 4339 - 3533 = 2*s. List the prime factors of p.
2, 5, 197
List the prime factors of -2 - (-5 + 60)/(-5).
3
Let p(q) = 3*q**2 - 2*q + 1. Let h be p(1). List the prime factors of (43 - 2)/(h - 1).
41
Let p(b) = b + 5. Let t be p(4). Let z(c) = -c**3 + 10*c**2 - c - 11. List the prime factors of z(t).
61
Let z be (6 - 17)/(0 - 1). Let p = 19 - z. What are the prime factors of 126/(-12)*p/(-6)?
2, 7
Let g(n) = 11*n + 119. List the prime factors of g(16).
5, 59
Let o(t) = t**3 + 7*t**2 - 4*t - 41. Let c be o(-6). Let w be -15 + 0 + 5 + -4. Let p = w + c. What are the prime factors of p?
5
Let y be 6*(-30)/8 - (-9)/(-6). Let k = 112 + y. List the prime factors of k.
2, 11
Suppose -2*c + 25 = -4*r - r, 5*r = -15. Suppose -c*v = 64 - 14. Let k = v - -14. What are the prime factors of k?
2
Suppose y - 4*i - 21 = i, 0 = 3*y + 3*i - 153. Let m be (-3 - 18/(-4))*y. Suppose -2*s = -5*s + m. List the prime factors of s.
23
Let h = -431 - -1033. What are the prime factors of h?
2, 7, 43
What are the prime factors of 5*-1 - (-2 - -983)/(-9)?
2, 13
Let m = 39 - 31. Suppose m*r + 4 = 10*r. List the prime factors of r.
2
Suppose -645*z + 644*z + 205 = 0. List the prime factors of z.
5, 41
Let a = -49 - -41. List the prime factors of 121/3 - a/(-24).
2, 5
Let s = 22 + 442. What are the prime factors of s?
2, 29
Let t = -26 - -26. Suppose 2*d + 5*n - 108 = t, 2*n = -4*d - d + 291. What are the prime factors of d?
59
Let l = -1909 + 2780. Suppose u - 42 = -4*d + l, 4*d - 2*u = 910. What are the prime factors of d?
2, 3, 19
Let z be 1 + (-1 - (-4 + 0)/1). Suppose 9*u - 725 = z*u. List the prime factors of u.
5, 29
Let b be 4/18 + (-102)/(-27). Let s be (-9 - 0)/(3 - b). Let o = s + -3. List the prime factors of o.
2, 3
Let o(u) = -86*u - 117. List the pr